are the prime factors of m?
211, 257
Let z = 7 - 72. Let h = z + 79. Let t(j) = 9*j - 23. List the prime factors of t(h).
103
Let y = 11 + -18. Let l be (-2460)/(-14) - 2/y. Suppose 0 = t + 4*w - 44, 3*t + w - l = -t. List the prime factors of t.
2, 11
Let x = -1776 + 36. Let f = -1058 - x. List the prime factors of f.
2, 11, 31
Let a be (121 + 0)*(-1 - -6). Suppose -5*c = -5*m - 815, -3*c - 2*m - 111 = -a. List the prime factors of c.
2, 41
Let u(i) be the first derivative of 23*i**4/24 + 10*i**3/3 + 41*i**2/2 - 15. Let o(p) be the second derivative of u(p). List the prime factors of o(6).
2, 79
Suppose -9*s + 13*s + 12 = -2*c, s + 14 = 5*c. Suppose -c*b = -m - 1906, 8 = -0*m + 2*m. List the prime factors of b.
5, 191
Let b(j) = 2*j**2 + 12*j - 1. Let g be b(-6). Let i be ((1 - 4) + (-18)/(-3))*g. What are the prime factors of 61 + (36/(-3))/i?
5, 13
Let o = -2 + 7. Suppose -2*l = -3*l + 3*r + 27, o*r = 2*l - 55. Let m = 54 - l. List the prime factors of m.
2, 3
Let s(o) = 298*o - 428. What are the prime factors of s(27)?
2, 13, 293
Suppose 326853 = 43*t + 92*t - 388917. List the prime factors of t.
2, 11, 241
Let d = -766 + 40331. List the prime factors of d.
5, 41, 193
Let z = -24168 - -40517. What are the prime factors of z?
16349
Let c be (12/4)/(9/240). Let l = c + -76. Suppose 4*w - 167 = -3*y, -52 = -l*w + 5*y + 75. List the prime factors of w.
2, 19
Suppose 4*x = -0*x - 644. Let k = 131 - x. Suppose 8*v = 4*v + k. What are the prime factors of v?
73
Let x be 10/35 + 24/14 - -6. Suppose 7*u = x*u - 411. What are the prime factors of u?
3, 137
Suppose -20 = -183*i + 188*i. List the prime factors of -1 + 2/i + 1145/10.
113
Let v = 175 + -176. Let j(b) = -387*b**2 + b - 1. Let g(z) = 193*z**2 - z. Let f(k) = 5*g(k) + 2*j(k). What are the prime factors of f(v)?
2, 3
Let p(b) = -b**3 + b**2 + 6*b + 4. Let m be p(-2). Suppose m*n - 600 = n. Suppose 0 = -3*q + n + 13. List the prime factors of q.
71
Let c(k) = k**3 - 29*k**2 + 71*k + 6. Let z(o) = -26*o - 155. Let b be z(-7). List the prime factors of c(b).
3, 5, 31
Let l = 442 + -646. Let d = -304 - -616. Let c = d + l. List the prime factors of c.
2, 3
Suppose -789*y + 21114 = 778*y - 1558*y. What are the prime factors of y?
2, 3, 17, 23
Let d = 28661 + -22249. What are the prime factors of d?
2, 7, 229
Let b be ((-122)/(-3))/(-4*(-5)/150). Suppose 2*v + b = -4*h - 395, -3*h - 535 = 4*v. Let k = h + 292. What are the prime factors of k?
7, 17
Suppose 1329108 - 479350 = 73*h - 27*h. What are the prime factors of h?
7, 13, 29
List the prime factors of 4000 + -1*50/(-10).
3, 5, 89
Let n(f) = -2*f + 134. Let w be n(0). Let p(a) = 2*a**2 + 111*a - 3*a**2 + 43 - w*a. List the prime factors of p(-20).
103
Suppose 11*n + 40 + 4 = 0. Let t(y) = -7*y**3 + 3*y**2 - 12*y - 39. List the prime factors of t(n).
5, 101
Let f be 3 + 9/(9/(-3)). Let d = -1239 + 1954. Suppose -13*m + 546 + d = f. What are the prime factors of m?
97
Suppose -2*r + 869 = 5*x, -4*r + 55*x - 59*x = -1756. What are the prime factors of r?
2, 13, 17
Suppose 0 = -9*i - 48 + 192. Suppose -3*n - 4*w = -101, n - w + i = 52. List the prime factors of n.
5, 7
Let x(r) = -8*r**2 + 5*r - 4. Let w be x(3). Suppose 4*o = -2*j - 580, 0*j + 435 = -3*o - 5*j. Let b = w - o. What are the prime factors of b?
2, 3, 7
Let d be 0/(-1) - (4 - 0). Let g(s) = s + 11. Let f be g(d). List the prime factors of 29 - f/((-35)/15).
2
Suppose -580 = -2*l - 27*l. Let c(d) = 44*d + 79. What are the prime factors of c(l)?
7, 137
Suppose 11063*o - 106691 = 11050*o. List the prime factors of o.
29, 283
Let l = 196 + -194. Suppose 1534 = 6*v - 2*v - l*o, 5*o - 785 = -2*v. What are the prime factors of v?
5, 7, 11
Suppose 3*o - 197 = 1618. Suppose -2*s = 4*z - 1402, 4*z + 5*s - 788 = o. What are the prime factors of z?
2, 11
Let p(n) be the first derivative of -22*n + 1/4*n**4 + 5 - 4*n**2 + 10/3*n**3. List the prime factors of p(-10).
2, 29
Let g(w) = 27*w - 4. Suppose -d - 4*i + 8 = -4, 3*i - 6 = 0. Suppose 3*h - h - 3*o = 18, -h + d*o + 19 = 0. List the prime factors of g(h).
7, 11
Suppose 118 = v + 121, -5*o - 3*v + 233636 = 0. List the prime factors of o.
83, 563
Let h = -357 + 1897. Let b = -1079 + h. List the prime factors of b.
461
Suppose 46265 = 10*l + 1305. What are the prime factors of l?
2, 281
Suppose 11*i - 2*i + 4*i = 0. List the prime factors of (1385 - 2) + (-1 - i).
2, 691
Let o(v) be the third derivative of 7/3*v**3 + 0 + 10*v**2 - 1/24*v**4 + 0*v. List the prime factors of o(9).
5
Suppose -2*d + 17*k - 18*k + 34389 = 0, -4*d + 68798 = -2*k. List the prime factors of d.
29, 593
Suppose 2*f + 2*h = -0*h + 1632, f - 804 = -4*h. Suppose -4*x + 3*a = -2*x - 828, 2*x = 5*a + f. List the prime factors of x.
2, 3, 5, 7
Let b(x) = 2882*x - 1006. What are the prime factors of b(3)?
2, 5, 191
Let k = 22394 - 8704. What are the prime factors of k?
2, 5, 37
Let k(x) be the first derivative of x**3/3 + x**2/2 + 3*x + 23. Let b be k(0). Suppose b*h = l + h - 217, 0 = -3*h - 12. List the prime factors of l.
11, 19
Let p = -25525 + 44428. What are the prime factors of p?
3, 6301
Suppose 3*c + 3*q = 381, -5*c + 2*q - 3*q = -627. Suppose -c - 1111 = -3*f. Let g = f - 223. List the prime factors of g.
3, 7
Suppose -3 = -9*a - 12. Let j be 0 + a + -3 - 696. What are the prime factors of j/(-6) - 20/30?
2, 29
Let f be (5 + (-10)/2)/(-2 + 1). Suppose f = 13*d + 9 - 35. Suppose -15 = -2*q + x, -4*x = d*q - 3*q - 3. List the prime factors of q.
3
Let a = 84 + -55. Let w = a - -3. Suppose -4*n - 4*c = -w, n - 3*c + 0*c - 8 = 0. List the prime factors of n.
2
Suppose 4*a = 2*i - 16016, 8*i - 10*i - 2*a + 16058 = 0. List the prime factors of i.
2, 3, 7, 191
Suppose -3*i = -2*j - 532, 3*i - 3*j - 522 - 9 = 0. What are the prime factors of i?
2, 89
Let j(k) = -k**3 + 31*k**2 + 38*k + 61. Let r be j(32). Let s = 1226 - r. What are the prime factors of s?
7, 139
Let f = 10 + -5. Suppose -7*k + 10 = -f*k. Suppose 503 = k*h - 5*o - 467, -5*h - 3*o + 954 = 0. List the prime factors of h.
2, 3
Suppose -3*x = 2*v - 164, 2*x + 1 = 2*v + 107. Let h(k) = -k**3 + x*k**2 + 0*k**3 - 56*k**2 + 11. List the prime factors of h(-6).
5, 31
Suppose -1031 = -11*i + 1631. Suppose -9*t + 4*t - 285 = 0. Let r = i + t. What are the prime factors of r?
5, 37
Let a = -246 - -294. Suppose 0 = a*h - 64*h + 22096. What are the prime factors of h?
1381
Suppose 4*n - k + 6 = 30, 6 = 2*n + k. Suppose -4*g + 52 = -i, n*g - 2*i + 4*i = 52. Let x(t) = t**3 - 10*t**2 - 17*t + 17. What are the prime factors of x(g)?
101
Suppose 579*c + 3*s = 580*c - 9750, -2*s - 38960 = -4*c. List the prime factors of c.
2, 3, 541
Let u(i) = 323*i**2 + 105*i + 178. What are the prime factors of u(-10)?
2, 3, 97
Let m(i) = -i**2 + 6*i + 3. Let q be m(6). Suppose s = -5*p + 5*s - 32, -q*s = -5*p - 34. List the prime factors of (-13)/((-195)/200)*(-54)/p.
2, 3, 5
Suppose -135 = -5*p + 5*w, p - 24 + 0 = 4*w. Let z = 33 - p. What are the prime factors of 181 + -10 + -1 + z?
5, 7
Let j(p) = -p**3 + 9*p**2 - p + 17. Let z be (11/(-22))/((-2)/36). List the prime factors of j(z).
2
Suppose 3*v + 2*v + 159 = u, 5*v + 2*u = -162. Let k be (-62)/217 + (v/(-14) - 0). List the prime factors of (282/8)/(k/8).
3, 47
Let r(l) = l**3 + 20*l**2 - 53*l + 286. What are the prime factors of r(15)?
2, 29, 127
Suppose -v = -143 - 101. Suppose -5708 = -144*q - 14780. Let t = q + v. List the prime factors of t.
181
Suppose 37*w = 107018 + 31621. List the prime factors of w.
3, 1249
Suppose 0 = -2*g + 4*c + 75248, 4*c - 188180 = -5*g - c. What are the prime factors of g?
2, 3, 7
Let x = 239 - 234. List the prime factors of 5*x*(-1)/5*-87.
3, 5, 29
Let z be 30/60 - 7/56 - 13/(-8). Let t(g) = 2*g - 4. Let q be t(6). Suppose 177 = k + z*f, 0*f = -4*f - q. List the prime factors of k.
181
Let w = -171966 + 266092. List the prime factors of w.
2, 19, 2477
Let k(b) = -6*b**2 + 12*b + 7. Let s(h) = 7*h**2 - 13*h - 8. Let w(t) = -5*k(t) - 4*s(t). Let c be w(3). List the prime factors of ((-3)/c)/(3/405).
3, 5
Let z(a) = 3*a - 24. Let v be z(6). Let g be (-1 - 11)/((v/4)/1). Suppose -g*i = 2*i - 1770. List the prime factors of i.
3, 59
Suppose 2*n - 7*v = 139005, 139035 = 2*n - 100*v + 103*v. List the prime factors of n.
3, 17, 29, 47
Let l = 45 + -40. Suppo